{"id":23,"date":"2023-04-20T11:21:31","date_gmt":"2023-04-20T09:21:31","guid":{"rendered":"http:\/\/campinglepetitboiscantal.fr\/?page_id=23"},"modified":"2025-03-20T16:52:49","modified_gmt":"2025-03-20T15:52:49","slug":"hebergements","status":"publish","type":"page","link":"http:\/\/campinglepetitboiscantal.fr\/index.php\/hebergements\/","title":{"rendered":"H\u00e9bergements"},"content":{"rendered":"\t\t<div data-elementor-type=\"wp-page\" data-elementor-id=\"23\" class=\"elementor elementor-23\">\n\t\t\t\t\t\t\t\t\t<section class=\"elementor-section elementor-top-section elementor-element elementor-element-c76b7fc elementor-section-boxed elementor-section-height-default elementor-section-height-default\" data-id=\"c76b7fc\" data-element_type=\"section\">\n\t\t\t\t\t\t<div class=\"elementor-container elementor-column-gap-default\">\n\t\t\t\t\t<div class=\"elementor-column elementor-col-100 elementor-top-column elementor-element elementor-element-80e32c7\" data-id=\"80e32c7\" data-element_type=\"column\">\n\t\t\t<div class=\"elementor-widget-wrap elementor-element-populated\">\n\t\t\t\t\t\t\t\t<div class=\"elementor-element elementor-element-77e237d elementor-widget elementor-widget-heading\" data-id=\"77e237d\" data-element_type=\"widget\" data-widget_type=\"heading.default\">\n\t\t\t\t<div class=\"elementor-widget-container\">\n\t\t\t<style>\/*! elementor - v3.15.0 - 20-08-2023 *\/\n.elementor-heading-title{padding:0;margin:0;line-height:1}.elementor-widget-heading .elementor-heading-title[class*=elementor-size-]>a{color:inherit;font-size:inherit;line-height:inherit}.elementor-widget-heading .elementor-heading-title.elementor-size-small{font-size:15px}.elementor-widget-heading .elementor-heading-title.elementor-size-medium{font-size:19px}.elementor-widget-heading .elementor-heading-title.elementor-size-large{font-size:29px}.elementor-widget-heading .elementor-heading-title.elementor-size-xl{font-size:39px}.elementor-widget-heading .elementor-heading-title.elementor-size-xxl{font-size:59px}<\/style><h2 class=\"elementor-heading-title elementor-size-default\">Nos diff\u00e9rents types d'h\u00e9bergements<\/h2>\t\t<\/div>\n\t\t\t\t<\/div>\n\t\t\t\t<div class=\"elementor-element elementor-element-1c4ab11 elementor-widget elementor-widget-spacer\" data-id=\"1c4ab11\" data-element_type=\"widget\" data-widget_type=\"spacer.default\">\n\t\t\t\t<div class=\"elementor-widget-container\">\n\t\t\t<style>\/*! elementor - v3.15.0 - 20-08-2023 *\/\n.elementor-column .elementor-spacer-inner{height:var(--spacer-size)}.e-con{--container-widget-width:100%}.e-con-inner>.elementor-widget-spacer,.e-con>.elementor-widget-spacer{width:var(--container-widget-width,var(--spacer-size));--align-self:var(--container-widget-align-self,initial);--flex-shrink:0}.e-con-inner>.elementor-widget-spacer>.elementor-widget-container,.e-con-inner>.elementor-widget-spacer>.elementor-widget-container>.elementor-spacer,.e-con>.elementor-widget-spacer>.elementor-widget-container,.e-con>.elementor-widget-spacer>.elementor-widget-container>.elementor-spacer{height:100%}.e-con-inner>.elementor-widget-spacer>.elementor-widget-container>.elementor-spacer>.elementor-spacer-inner,.e-con>.elementor-widget-spacer>.elementor-widget-container>.elementor-spacer>.elementor-spacer-inner{height:var(--container-widget-height,var(--spacer-size))}<\/style>\t\t<div class=\"elementor-spacer\">\n\t\t\t<div class=\"elementor-spacer-inner\"><\/div>\n\t\t<\/div>\n\t\t\t\t<\/div>\n\t\t\t\t<\/div>\n\t\t\t\t\t<\/div>\n\t\t<\/div>\n\t\t\t\t\t\t\t<\/div>\n\t\t<\/section>\n\t\t\t\t<section class=\"elementor-section elementor-top-section elementor-element elementor-element-93e1ee1 elementor-section-boxed elementor-section-height-default elementor-section-height-default\" data-id=\"93e1ee1\" data-element_type=\"section\">\n\t\t\t\t\t\t<div class=\"elementor-container elementor-column-gap-default\">\n\t\t\t\t\t<div class=\"elementor-column elementor-col-50 elementor-top-column elementor-element elementor-element-cead46b\" data-id=\"cead46b\" data-element_type=\"column\">\n\t\t\t<div class=\"elementor-widget-wrap elementor-element-populated\">\n\t\t\t\t\t\t\t\t<div class=\"elementor-element elementor-element-ab96a06 elementor-widget elementor-widget-image\" data-id=\"ab96a06\" data-element_type=\"widget\" data-widget_type=\"image.default\">\n\t\t\t\t<div class=\"elementor-widget-container\">\n\t\t\t<style>\/*! elementor - v3.15.0 - 20-08-2023 *\/\n.elementor-widget-image{text-align:center}.elementor-widget-image a{display:inline-block}.elementor-widget-image a img[src$=\".svg\"]{width:48px}.elementor-widget-image img{vertical-align:middle;display:inline-block}<\/style>\t\t\t\t\t\t\t\t\t\t\t\t<img loading=\"lazy\" decoding=\"async\" width=\"1024\" height=\"768\" src=\"http:\/\/campinglepetitboiscantal.fr\/wp-content\/uploads\/2023\/05\/6017ef6f-74bd-4bd6-997b-2fbcf87d702e-1024x768.jpg\" class=\"attachment-large size-large wp-image-647\" alt=\"\" srcset=\"http:\/\/campinglepetitboiscantal.fr\/wp-content\/uploads\/2023\/05\/6017ef6f-74bd-4bd6-997b-2fbcf87d702e-1024x768.jpg 1024w, http:\/\/campinglepetitboiscantal.fr\/wp-content\/uploads\/2023\/05\/6017ef6f-74bd-4bd6-997b-2fbcf87d702e-300x225.jpg 300w, http:\/\/campinglepetitboiscantal.fr\/wp-content\/uploads\/2023\/05\/6017ef6f-74bd-4bd6-997b-2fbcf87d702e-768x576.jpg 768w, http:\/\/campinglepetitboiscantal.fr\/wp-content\/uploads\/2023\/05\/6017ef6f-74bd-4bd6-997b-2fbcf87d702e-1536x1152.jpg 1536w, http:\/\/campinglepetitboiscantal.fr\/wp-content\/uploads\/2023\/05\/6017ef6f-74bd-4bd6-997b-2fbcf87d702e.jpg 1600w\" sizes=\"auto, (max-width: 1024px) 100vw, 1024px\" \/>\t\t\t\t\t\t\t\t\t\t\t\t\t\t\t<\/div>\n\t\t\t\t<\/div>\n\t\t\t\t\t<\/div>\n\t\t<\/div>\n\t\t\t\t<div class=\"elementor-column elementor-col-50 elementor-top-column elementor-element elementor-element-23b3b7e\" data-id=\"23b3b7e\" data-element_type=\"column\">\n\t\t\t<div class=\"elementor-widget-wrap elementor-element-populated\">\n\t\t\t\t\t\t\t\t<div class=\"elementor-element elementor-element-62512f3 elementor-widget elementor-widget-text-editor\" data-id=\"62512f3\" data-element_type=\"widget\" data-widget_type=\"text-editor.default\">\n\t\t\t\t<div class=\"elementor-widget-container\">\n\t\t\t<style>\/*! elementor - v3.15.0 - 20-08-2023 *\/\n.elementor-widget-text-editor.elementor-drop-cap-view-stacked .elementor-drop-cap{background-color:#69727d;color:#fff}.elementor-widget-text-editor.elementor-drop-cap-view-framed .elementor-drop-cap{color:#69727d;border:3px solid;background-color:transparent}.elementor-widget-text-editor:not(.elementor-drop-cap-view-default) .elementor-drop-cap{margin-top:8px}.elementor-widget-text-editor:not(.elementor-drop-cap-view-default) .elementor-drop-cap-letter{width:1em;height:1em}.elementor-widget-text-editor .elementor-drop-cap{float:left;text-align:center;line-height:1;font-size:50px}.elementor-widget-text-editor .elementor-drop-cap-letter{display:inline-block}<\/style>\t\t\t\t<p><span style=\"font-weight: 400;\"><br \/>Vous souhaitez vivre des vacances sous le signe de la nature et de la libert\u00e9 ?\u00a0<\/span><\/p><p><span style=\"font-weight: 400;\">Profitez de vos vacances dans un cadre d\u2019exception et d\u00e9couvrez les h\u00e9bergements du camping <strong>Le Petit Bois<\/strong> \u00e0 <strong>Ruynes-en-Margeride<\/strong> dans le <strong>Cantal<\/strong> !<\/span><\/p><p><span style=\"font-weight: 400;\">Retrouvez l\u2019esprit authentique du camping en optant pour nos emplacements en pleine nature dans la pin\u00e8de ou un emplacement d\u00e9limit\u00e9 et ensoleill\u00e9s ou pour la location de nos h\u00e9bergements. Il ne vous reste plus qu&rsquo;\u00e0 faire votre choix.<\/span><\/p>\t\t\t\t\t\t<\/div>\n\t\t\t\t<\/div>\n\t\t\t\t\t<\/div>\n\t\t<\/div>\n\t\t\t\t\t\t\t<\/div>\n\t\t<\/section>\n\t\t\t\t<section class=\"elementor-section elementor-top-section elementor-element elementor-element-5aa83a1 elementor-section-boxed elementor-section-height-default elementor-section-height-default\" data-id=\"5aa83a1\" data-element_type=\"section\">\n\t\t\t\t\t\t<div class=\"elementor-container elementor-column-gap-default\">\n\t\t\t\t\t<div class=\"elementor-column elementor-col-33 elementor-top-column elementor-element elementor-element-82db612\" data-id=\"82db612\" data-element_type=\"column\">\n\t\t\t<div class=\"elementor-widget-wrap elementor-element-populated\">\n\t\t\t\t\t\t\t\t<div class=\"elementor-element elementor-element-3cf2b5d elementor-widget elementor-widget-image\" data-id=\"3cf2b5d\" data-element_type=\"widget\" data-widget_type=\"image.default\">\n\t\t\t\t<div class=\"elementor-widget-container\">\n\t\t\t\t\t\t\t\t\t\t\t\t\t\t\t<img loading=\"lazy\" decoding=\"async\" width=\"1024\" height=\"768\" src=\"http:\/\/campinglepetitboiscantal.fr\/wp-content\/uploads\/2023\/04\/Emplacementhebergement-1024x768.jpg\" class=\"attachment-large size-large wp-image-195\" alt=\"Emplacement he\u0301bergement\" srcset=\"http:\/\/campinglepetitboiscantal.fr\/wp-content\/uploads\/2023\/04\/Emplacementhebergement-1024x768.jpg 1024w, http:\/\/campinglepetitboiscantal.fr\/wp-content\/uploads\/2023\/04\/Emplacementhebergement-300x225.jpg 300w, http:\/\/campinglepetitboiscantal.fr\/wp-content\/uploads\/2023\/04\/Emplacementhebergement-768x576.jpg 768w, http:\/\/campinglepetitboiscantal.fr\/wp-content\/uploads\/2023\/04\/Emplacementhebergement-1536x1152.jpg 1536w, http:\/\/campinglepetitboiscantal.fr\/wp-content\/uploads\/2023\/04\/Emplacementhebergement.jpg 1600w\" sizes=\"auto, (max-width: 1024px) 100vw, 1024px\" \/>\t\t\t\t\t\t\t\t\t\t\t\t\t\t\t<\/div>\n\t\t\t\t<\/div>\n\t\t\t\t<div class=\"elementor-element elementor-element-ef50895 elementor-widget elementor-widget-heading\" data-id=\"ef50895\" data-element_type=\"widget\" data-widget_type=\"heading.default\">\n\t\t\t\t<div class=\"elementor-widget-container\">\n\t\t\t<h2 class=\"elementor-heading-title elementor-size-default\">Emplacements<\/h2>\t\t<\/div>\n\t\t\t\t<\/div>\n\t\t\t\t<div class=\"elementor-element elementor-element-b33035a elementor-widget elementor-widget-text-editor\" data-id=\"b33035a\" data-element_type=\"widget\" data-widget_type=\"text-editor.default\">\n\t\t\t\t<div class=\"elementor-widget-container\">\n\t\t\t\t\t\t\t<p>\u00c0 partir de 10 \u20ac la nuit pour un emplacement une personne et 14 \u20ac la nuit pour un emplacement de deux personnes<\/p>\t\t\t\t\t\t<\/div>\n\t\t\t\t<\/div>\n\t\t\t\t<div class=\"elementor-element elementor-element-b0bd5c5 elementor-align-center elementor-widget elementor-widget-button\" data-id=\"b0bd5c5\" data-element_type=\"widget\" data-widget_type=\"button.default\">\n\t\t\t\t<div class=\"elementor-widget-container\">\n\t\t\t\t\t<div class=\"elementor-button-wrapper\">\n\t\t\t<a class=\"elementor-button elementor-button-link elementor-size-sm\" href=\"https:\/\/campinglepetitboiscantal.fr\/index.php\/emplacements\/\">\n\t\t\t\t\t\t<span class=\"elementor-button-content-wrapper\">\n\t\t\t\t\t\t<span class=\"elementor-button-text\">Plus de d\u00e9tails<\/span>\n\t\t<\/span>\n\t\t\t\t\t<\/a>\n\t\t<\/div>\n\t\t\t\t<\/div>\n\t\t\t\t<\/div>\n\t\t\t\t\t<\/div>\n\t\t<\/div>\n\t\t\t\t<div class=\"elementor-column elementor-col-33 elementor-top-column elementor-element elementor-element-07cbe4b\" data-id=\"07cbe4b\" data-element_type=\"column\">\n\t\t\t<div class=\"elementor-widget-wrap elementor-element-populated\">\n\t\t\t\t\t\t\t\t<div class=\"elementor-element elementor-element-c167cca elementor-widget elementor-widget-image\" data-id=\"c167cca\" data-element_type=\"widget\" data-widget_type=\"image.default\">\n\t\t\t\t<div class=\"elementor-widget-container\">\n\t\t\t\t\t\t\t\t\t\t\t\t\t\t\t<img loading=\"lazy\" decoding=\"async\" width=\"1024\" height=\"683\" src=\"http:\/\/campinglepetitboiscantal.fr\/wp-content\/uploads\/2023\/04\/Cabanehebergement-1-1024x683.jpg\" class=\"attachment-large size-large wp-image-197\" alt=\"\" srcset=\"http:\/\/campinglepetitboiscantal.fr\/wp-content\/uploads\/2023\/04\/Cabanehebergement-1-1024x683.jpg 1024w, http:\/\/campinglepetitboiscantal.fr\/wp-content\/uploads\/2023\/04\/Cabanehebergement-1-300x200.jpg 300w, http:\/\/campinglepetitboiscantal.fr\/wp-content\/uploads\/2023\/04\/Cabanehebergement-1-768x512.jpg 768w, http:\/\/campinglepetitboiscantal.fr\/wp-content\/uploads\/2023\/04\/Cabanehebergement-1-1536x1024.jpg 1536w, http:\/\/campinglepetitboiscantal.fr\/wp-content\/uploads\/2023\/04\/Cabanehebergement-1-2048x1365.jpg 2048w\" sizes=\"auto, (max-width: 1024px) 100vw, 1024px\" \/>\t\t\t\t\t\t\t\t\t\t\t\t\t\t\t<\/div>\n\t\t\t\t<\/div>\n\t\t\t\t<div class=\"elementor-element elementor-element-3cb2da8 elementor-widget elementor-widget-heading\" data-id=\"3cb2da8\" data-element_type=\"widget\" data-widget_type=\"heading.default\">\n\t\t\t\t<div class=\"elementor-widget-container\">\n\t\t\t<h2 class=\"elementor-heading-title elementor-size-default\">Cabanes<\/h2>\t\t<\/div>\n\t\t\t\t<\/div>\n\t\t\t\t<div class=\"elementor-element elementor-element-73d56b4 elementor-widget elementor-widget-text-editor\" data-id=\"73d56b4\" data-element_type=\"widget\" data-widget_type=\"text-editor.default\">\n\t\t\t\t<div class=\"elementor-widget-container\">\n\t\t\t\t\t\t\t<p>\u00c0 partir de 163 \u20ac la semaine ou 28 \u20ac la nuit<\/p>\t\t\t\t\t\t<\/div>\n\t\t\t\t<\/div>\n\t\t\t\t<div class=\"elementor-element elementor-element-117941f elementor-align-center elementor-widget elementor-widget-button\" data-id=\"117941f\" data-element_type=\"widget\" data-widget_type=\"button.default\">\n\t\t\t\t<div class=\"elementor-widget-container\">\n\t\t\t\t\t<div class=\"elementor-button-wrapper\">\n\t\t\t<a class=\"elementor-button elementor-button-link elementor-size-sm\" href=\"https:\/\/campinglepetitboiscantal.fr\/index.php\/cabanes\/\">\n\t\t\t\t\t\t<span class=\"elementor-button-content-wrapper\">\n\t\t\t\t\t\t<span class=\"elementor-button-text\">Plus de d\u00e9tails<\/span>\n\t\t<\/span>\n\t\t\t\t\t<\/a>\n\t\t<\/div>\n\t\t\t\t<\/div>\n\t\t\t\t<\/div>\n\t\t\t\t\t<\/div>\n\t\t<\/div>\n\t\t\t\t<div class=\"elementor-column elementor-col-33 elementor-top-column elementor-element elementor-element-47d7014\" data-id=\"47d7014\" data-element_type=\"column\">\n\t\t\t<div class=\"elementor-widget-wrap elementor-element-populated\">\n\t\t\t\t\t\t\t\t<div class=\"elementor-element elementor-element-3ce118e elementor-widget elementor-widget-image\" data-id=\"3ce118e\" data-element_type=\"widget\" data-widget_type=\"image.default\">\n\t\t\t\t<div class=\"elementor-widget-container\">\n\t\t\t\t\t\t\t\t\t\t\t\t\t\t\t<img loading=\"lazy\" decoding=\"async\" width=\"1024\" height=\"683\" src=\"http:\/\/campinglepetitboiscantal.fr\/wp-content\/uploads\/2023\/04\/Chalethebergement-1-1024x683.jpg\" class=\"attachment-large size-large wp-image-199\" alt=\"Chalet he\u0301bergement\" srcset=\"http:\/\/campinglepetitboiscantal.fr\/wp-content\/uploads\/2023\/04\/Chalethebergement-1-1024x683.jpg 1024w, http:\/\/campinglepetitboiscantal.fr\/wp-content\/uploads\/2023\/04\/Chalethebergement-1-300x200.jpg 300w, http:\/\/campinglepetitboiscantal.fr\/wp-content\/uploads\/2023\/04\/Chalethebergement-1-768x512.jpg 768w, http:\/\/campinglepetitboiscantal.fr\/wp-content\/uploads\/2023\/04\/Chalethebergement-1-1536x1024.jpg 1536w, http:\/\/campinglepetitboiscantal.fr\/wp-content\/uploads\/2023\/04\/Chalethebergement-1-2048x1365.jpg 2048w\" sizes=\"auto, (max-width: 1024px) 100vw, 1024px\" \/>\t\t\t\t\t\t\t\t\t\t\t\t\t\t\t<\/div>\n\t\t\t\t<\/div>\n\t\t\t\t<div class=\"elementor-element elementor-element-5a14dd5 elementor-widget elementor-widget-heading\" data-id=\"5a14dd5\" data-element_type=\"widget\" data-widget_type=\"heading.default\">\n\t\t\t\t<div class=\"elementor-widget-container\">\n\t\t\t<h2 class=\"elementor-heading-title elementor-size-default\">Chalets<\/h2>\t\t<\/div>\n\t\t\t\t<\/div>\n\t\t\t\t<div class=\"elementor-element elementor-element-0fecdf5 elementor-widget elementor-widget-text-editor\" data-id=\"0fecdf5\" data-element_type=\"widget\" data-widget_type=\"text-editor.default\">\n\t\t\t\t<div class=\"elementor-widget-container\">\n\t\t\t\t\t\t\t<p>\u00c0 partir de 271 \u20ac la semaine ou 65 \u20ac la nuit en hors saison<\/p>\t\t\t\t\t\t<\/div>\n\t\t\t\t<\/div>\n\t\t\t\t<div class=\"elementor-element elementor-element-33e8223 elementor-align-center elementor-widget elementor-widget-button\" data-id=\"33e8223\" data-element_type=\"widget\" data-widget_type=\"button.default\">\n\t\t\t\t<div class=\"elementor-widget-container\">\n\t\t\t\t\t<div class=\"elementor-button-wrapper\">\n\t\t\t<a class=\"elementor-button elementor-button-link elementor-size-sm\" href=\"https:\/\/campinglepetitboiscantal.fr\/index.php\/chalets\/\">\n\t\t\t\t\t\t<span class=\"elementor-button-content-wrapper\">\n\t\t\t\t\t\t<span class=\"elementor-button-text\">Plus de d\u00e9tails<\/span>\n\t\t<\/span>\n\t\t\t\t\t<\/a>\n\t\t<\/div>\n\t\t\t\t<\/div>\n\t\t\t\t<\/div>\n\t\t\t\t\t<\/div>\n\t\t<\/div>\n\t\t\t\t\t\t\t<\/div>\n\t\t<\/section>\n\t\t\t\t\t\t\t<\/div>\n\t\t","protected":false},"excerpt":{"rendered":"<p>Nos diff\u00e9rents types d&rsquo;h\u00e9bergements Vous souhaitez vivre des vacances sous le signe de la nature et de la libert\u00e9 ?\u00a0 Profitez de vos vacances dans un cadre d\u2019exception et d\u00e9couvrez les h\u00e9bergements du camping Le Petit Bois \u00e0 Ruynes-en-Margeride dans le Cantal ! Retrouvez l\u2019esprit authentique du camping en optant pour nos emplacements en pleine [&hellip;]<\/p>\n","protected":false},"author":1,"featured_media":0,"parent":0,"menu_order":0,"comment_status":"closed","ping_status":"closed","template":"","meta":{"footnotes":""},"class_list":["post-23","page","type-page","status-publish","hentry","entry"],"yoast_head":"<!-- This site is optimized with the Yoast SEO plugin v20.13 - https:\/\/yoast.com\/wordpress\/plugins\/seo\/ -->\n<title>H\u00e9bergements - Le petit bois<\/title>\n<meta name=\"robots\" content=\"index, follow, max-snippet:-1, max-image-preview:large, max-video-preview:-1\" \/>\n<link rel=\"canonical\" href=\"https:\/\/campinglepetitboiscantal.fr\/index.php\/hebergements\/\" \/>\n<meta property=\"og:locale\" content=\"fr_FR\" \/>\n<meta property=\"og:type\" content=\"article\" \/>\n<meta property=\"og:title\" content=\"H\u00e9bergements - Le petit bois\" \/>\n<meta property=\"og:description\" content=\"Nos diff\u00e9rents types d&rsquo;h\u00e9bergements Vous souhaitez vivre des vacances sous le signe de la nature et de la libert\u00e9 ?\u00a0 Profitez de vos vacances dans un cadre d\u2019exception et d\u00e9couvrez les h\u00e9bergements du camping Le Petit Bois \u00e0 Ruynes-en-Margeride dans le Cantal ! Retrouvez l\u2019esprit authentique du camping en optant pour nos emplacements en pleine [&hellip;]\" \/>\n<meta property=\"og:url\" content=\"https:\/\/campinglepetitboiscantal.fr\/index.php\/hebergements\/\" \/>\n<meta property=\"og:site_name\" content=\"Le petit bois\" \/>\n<meta property=\"article:modified_time\" content=\"2025-03-20T15:52:49+00:00\" \/>\n<meta property=\"og:image\" content=\"http:\/\/campinglepetitboiscantal.fr\/wp-content\/uploads\/2023\/05\/6017ef6f-74bd-4bd6-997b-2fbcf87d702e-1024x768.jpg\" \/>\n<meta name=\"twitter:card\" content=\"summary_large_image\" \/>\n<meta name=\"twitter:label1\" content=\"Dur\u00e9e de lecture estim\u00e9e\" \/>\n\t<meta name=\"twitter:data1\" content=\"2 minutes\" \/>\n<script type=\"application\/ld+json\" class=\"yoast-schema-graph\">{\"@context\":\"https:\/\/schema.org\",\"@graph\":[{\"@type\":\"WebPage\",\"@id\":\"https:\/\/campinglepetitboiscantal.fr\/index.php\/hebergements\/\",\"url\":\"https:\/\/campinglepetitboiscantal.fr\/index.php\/hebergements\/\",\"name\":\"H\u00e9bergements - Le petit bois\",\"isPartOf\":{\"@id\":\"https:\/\/campinglepetitboiscantal.fr\/#website\"},\"datePublished\":\"2023-04-20T09:21:31+00:00\",\"dateModified\":\"2025-03-20T15:52:49+00:00\",\"breadcrumb\":{\"@id\":\"https:\/\/campinglepetitboiscantal.fr\/index.php\/hebergements\/#breadcrumb\"},\"inLanguage\":\"fr-FR\",\"potentialAction\":[{\"@type\":\"ReadAction\",\"target\":[\"https:\/\/campinglepetitboiscantal.fr\/index.php\/hebergements\/\"]}]},{\"@type\":\"BreadcrumbList\",\"@id\":\"https:\/\/campinglepetitboiscantal.fr\/index.php\/hebergements\/#breadcrumb\",\"itemListElement\":[{\"@type\":\"ListItem\",\"position\":1,\"name\":\"Accueil\",\"item\":\"https:\/\/campinglepetitboiscantal.fr\/\"},{\"@type\":\"ListItem\",\"position\":2,\"name\":\"H\u00e9bergements\"}]},{\"@type\":\"WebSite\",\"@id\":\"https:\/\/campinglepetitboiscantal.fr\/#website\",\"url\":\"https:\/\/campinglepetitboiscantal.fr\/\",\"name\":\"Le petit bois\",\"description\":\"Un site utilisant WordPress\",\"publisher\":{\"@id\":\"https:\/\/campinglepetitboiscantal.fr\/#organization\"},\"potentialAction\":[{\"@type\":\"SearchAction\",\"target\":{\"@type\":\"EntryPoint\",\"urlTemplate\":\"https:\/\/campinglepetitboiscantal.fr\/?s={search_term_string}\"},\"query-input\":\"required name=search_term_string\"}],\"inLanguage\":\"fr-FR\"},{\"@type\":\"Organization\",\"@id\":\"https:\/\/campinglepetitboiscantal.fr\/#organization\",\"name\":\"Le petit bois\",\"url\":\"https:\/\/campinglepetitboiscantal.fr\/\",\"logo\":{\"@type\":\"ImageObject\",\"inLanguage\":\"fr-FR\",\"@id\":\"https:\/\/campinglepetitboiscantal.fr\/#\/schema\/logo\/image\/\",\"url\":\"http:\/\/campinglepetitboiscantal.fr\/wp-content\/uploads\/2023\/04\/cropped-logoruynes.png\",\"contentUrl\":\"http:\/\/campinglepetitboiscantal.fr\/wp-content\/uploads\/2023\/04\/cropped-logoruynes.png\",\"width\":675,\"height\":330,\"caption\":\"Le petit bois\"},\"image\":{\"@id\":\"https:\/\/campinglepetitboiscantal.fr\/#\/schema\/logo\/image\/\"}}]}<\/script>\n<!-- \/ Yoast SEO plugin. -->","yoast_head_json":{"title":"H\u00e9bergements - Le petit bois","robots":{"index":"index","follow":"follow","max-snippet":"max-snippet:-1","max-image-preview":"max-image-preview:large","max-video-preview":"max-video-preview:-1"},"canonical":"https:\/\/campinglepetitboiscantal.fr\/index.php\/hebergements\/","og_locale":"fr_FR","og_type":"article","og_title":"H\u00e9bergements - Le petit bois","og_description":"Nos diff\u00e9rents types d&rsquo;h\u00e9bergements Vous souhaitez vivre des vacances sous le signe de la nature et de la libert\u00e9 ?\u00a0 Profitez de vos vacances dans un cadre d\u2019exception et d\u00e9couvrez les h\u00e9bergements du camping Le Petit Bois \u00e0 Ruynes-en-Margeride dans le Cantal ! Retrouvez l\u2019esprit authentique du camping en optant pour nos emplacements en pleine [&hellip;]","og_url":"https:\/\/campinglepetitboiscantal.fr\/index.php\/hebergements\/","og_site_name":"Le petit bois","article_modified_time":"2025-03-20T15:52:49+00:00","og_image":[{"url":"http:\/\/campinglepetitboiscantal.fr\/wp-content\/uploads\/2023\/05\/6017ef6f-74bd-4bd6-997b-2fbcf87d702e-1024x768.jpg"}],"twitter_card":"summary_large_image","twitter_misc":{"Dur\u00e9e de lecture estim\u00e9e":"2 minutes"},"schema":{"@context":"https:\/\/schema.org","@graph":[{"@type":"WebPage","@id":"https:\/\/campinglepetitboiscantal.fr\/index.php\/hebergements\/","url":"https:\/\/campinglepetitboiscantal.fr\/index.php\/hebergements\/","name":"H\u00e9bergements - Le petit bois","isPartOf":{"@id":"https:\/\/campinglepetitboiscantal.fr\/#website"},"datePublished":"2023-04-20T09:21:31+00:00","dateModified":"2025-03-20T15:52:49+00:00","breadcrumb":{"@id":"https:\/\/campinglepetitboiscantal.fr\/index.php\/hebergements\/#breadcrumb"},"inLanguage":"fr-FR","potentialAction":[{"@type":"ReadAction","target":["https:\/\/campinglepetitboiscantal.fr\/index.php\/hebergements\/"]}]},{"@type":"BreadcrumbList","@id":"https:\/\/campinglepetitboiscantal.fr\/index.php\/hebergements\/#breadcrumb","itemListElement":[{"@type":"ListItem","position":1,"name":"Accueil","item":"https:\/\/campinglepetitboiscantal.fr\/"},{"@type":"ListItem","position":2,"name":"H\u00e9bergements"}]},{"@type":"WebSite","@id":"https:\/\/campinglepetitboiscantal.fr\/#website","url":"https:\/\/campinglepetitboiscantal.fr\/","name":"Le petit bois","description":"Un site utilisant WordPress","publisher":{"@id":"https:\/\/campinglepetitboiscantal.fr\/#organization"},"potentialAction":[{"@type":"SearchAction","target":{"@type":"EntryPoint","urlTemplate":"https:\/\/campinglepetitboiscantal.fr\/?s={search_term_string}"},"query-input":"required name=search_term_string"}],"inLanguage":"fr-FR"},{"@type":"Organization","@id":"https:\/\/campinglepetitboiscantal.fr\/#organization","name":"Le petit bois","url":"https:\/\/campinglepetitboiscantal.fr\/","logo":{"@type":"ImageObject","inLanguage":"fr-FR","@id":"https:\/\/campinglepetitboiscantal.fr\/#\/schema\/logo\/image\/","url":"http:\/\/campinglepetitboiscantal.fr\/wp-content\/uploads\/2023\/04\/cropped-logoruynes.png","contentUrl":"http:\/\/campinglepetitboiscantal.fr\/wp-content\/uploads\/2023\/04\/cropped-logoruynes.png","width":675,"height":330,"caption":"Le petit bois"},"image":{"@id":"https:\/\/campinglepetitboiscantal.fr\/#\/schema\/logo\/image\/"}}]}},"_links":{"self":[{"href":"http:\/\/campinglepetitboiscantal.fr\/index.php\/wp-json\/wp\/v2\/pages\/23","targetHints":{"allow":["GET"]}}],"collection":[{"href":"http:\/\/campinglepetitboiscantal.fr\/index.php\/wp-json\/wp\/v2\/pages"}],"about":[{"href":"http:\/\/campinglepetitboiscantal.fr\/index.php\/wp-json\/wp\/v2\/types\/page"}],"author":[{"embeddable":true,"href":"http:\/\/campinglepetitboiscantal.fr\/index.php\/wp-json\/wp\/v2\/users\/1"}],"replies":[{"embeddable":true,"href":"http:\/\/campinglepetitboiscantal.fr\/index.php\/wp-json\/wp\/v2\/comments?post=23"}],"version-history":[{"count":43,"href":"http:\/\/campinglepetitboiscantal.fr\/index.php\/wp-json\/wp\/v2\/pages\/23\/revisions"}],"predecessor-version":[{"id":890,"href":"http:\/\/campinglepetitboiscantal.fr\/index.php\/wp-json\/wp\/v2\/pages\/23\/revisions\/890"}],"wp:attachment":[{"href":"http:\/\/campinglepetitboiscantal.fr\/index.php\/wp-json\/wp\/v2\/media?parent=23"}],"curies":[{"name":"wp","href":"https:\/\/api.w.org\/{rel}","templated":true}]}}