{"id":463,"date":"2023-05-09T21:55:00","date_gmt":"2023-05-09T19:55:00","guid":{"rendered":"https:\/\/campinglepetitboiscantal.fr\/?page_id=463"},"modified":"2023-05-09T22:03:27","modified_gmt":"2023-05-09T20:03:27","slug":"politique-de-confidentialite","status":"publish","type":"page","link":"https:\/\/campinglepetitboiscantal.fr\/index.php\/politique-de-confidentialite\/","title":{"rendered":"Politique de confidentialit\u00e9"},"content":{"rendered":"\t\t<div data-elementor-type=\"wp-page\" data-elementor-id=\"463\" class=\"elementor elementor-463\">\n\t\t\t\t\t\t\t\t\t<section class=\"elementor-section elementor-top-section elementor-element elementor-element-b61719b elementor-section-boxed elementor-section-height-default elementor-section-height-default\" data-id=\"b61719b\" data-element_type=\"section\">\n\t\t\t\t\t\t<div class=\"elementor-container elementor-column-gap-default\">\n\t\t\t\t\t<div class=\"elementor-column elementor-col-100 elementor-top-column elementor-element elementor-element-0fcf06a\" data-id=\"0fcf06a\" data-element_type=\"column\">\n\t\t\t<div class=\"elementor-widget-wrap elementor-element-populated\">\n\t\t\t\t\t\t\t\t<div class=\"elementor-element elementor-element-c9636aa elementor-widget elementor-widget-heading\" data-id=\"c9636aa\" data-element_type=\"widget\" data-widget_type=\"heading.default\">\n\t\t\t\t<div class=\"elementor-widget-container\">\n\t\t\t<style>\/*! elementor - v3.15.0 - 20-08-2023 *\/\n.elementor-heading-title{padding:0;margin:0;line-height:1}.elementor-widget-heading .elementor-heading-title[class*=elementor-size-]>a{color:inherit;font-size:inherit;line-height:inherit}.elementor-widget-heading .elementor-heading-title.elementor-size-small{font-size:15px}.elementor-widget-heading .elementor-heading-title.elementor-size-medium{font-size:19px}.elementor-widget-heading .elementor-heading-title.elementor-size-large{font-size:29px}.elementor-widget-heading .elementor-heading-title.elementor-size-xl{font-size:39px}.elementor-widget-heading .elementor-heading-title.elementor-size-xxl{font-size:59px}<\/style><h2 class=\"elementor-heading-title elementor-size-default\">Politique de confidentialit\u00e9<\/h2>\t\t<\/div>\n\t\t\t\t<\/div>\n\t\t\t\t\t<\/div>\n\t\t<\/div>\n\t\t\t\t\t\t\t<\/div>\n\t\t<\/section>\n\t\t\t\t<section class=\"elementor-section elementor-top-section elementor-element elementor-element-778c976 elementor-section-boxed elementor-section-height-default elementor-section-height-default\" data-id=\"778c976\" data-element_type=\"section\">\n\t\t\t\t\t\t<div class=\"elementor-container elementor-column-gap-default\">\n\t\t\t\t\t<div class=\"elementor-column elementor-col-100 elementor-top-column elementor-element elementor-element-206db09\" data-id=\"206db09\" data-element_type=\"column\">\n\t\t\t<div class=\"elementor-widget-wrap elementor-element-populated\">\n\t\t\t\t\t\t\t\t<div class=\"elementor-element elementor-element-93789f9 elementor-widget elementor-widget-text-editor\" data-id=\"93789f9\" data-element_type=\"widget\" data-widget_type=\"text-editor.default\">\n\t\t\t\t<div class=\"elementor-widget-container\">\n\t\t\t<style>\/*! elementor - v3.15.0 - 20-08-2023 *\/\n.elementor-widget-text-editor.elementor-drop-cap-view-stacked .elementor-drop-cap{background-color:#69727d;color:#fff}.elementor-widget-text-editor.elementor-drop-cap-view-framed .elementor-drop-cap{color:#69727d;border:3px solid;background-color:transparent}.elementor-widget-text-editor:not(.elementor-drop-cap-view-default) .elementor-drop-cap{margin-top:8px}.elementor-widget-text-editor:not(.elementor-drop-cap-view-default) .elementor-drop-cap-letter{width:1em;height:1em}.elementor-widget-text-editor .elementor-drop-cap{float:left;text-align:center;line-height:1;font-size:50px}.elementor-widget-text-editor .elementor-drop-cap-letter{display:inline-block}<\/style>\t\t\t\t<p style=\"text-align: justify; background: white; box-sizing: border-box;\"><span style=\"font-size: 13.5pt; font-family: 'dm_sansregular',serif; color: #0a0a0a;\">Cette politique de confidentialit\u00e9 d\u00e9crit les donn\u00e9es personnelles qui sont collect\u00e9es ou g\u00e9n\u00e9r\u00e9es (trait\u00e9es) lorsque vous utilisez le site internet. Cette politique de confidentialit\u00e9 d\u00e9crit les types de donn\u00e9es personnelles collect\u00e9es lorsque vous utilisez notre site et la fa\u00e7on dont vos donn\u00e9es personnelles sont utilis\u00e9es, partag\u00e9es et prot\u00e9g\u00e9es. Elle explique \u00e9galement les choix dont vous disposez s\u2019agissant de vos donn\u00e9es personnelles et comment nous contacter.<\/span><\/p><h2 style=\"text-align: justify; background: white; box-sizing: border-box; margin: 0.5rem 0px;\"><strong><span style=\"font-size: 21.5pt; font-family: dm_sansregular, serif; color: #0a0a0a; text-transform: uppercase;\">QUI SOMMES-NOUS ?<\/span><\/strong><\/h2><p style=\"text-align: justify; background: white; box-sizing: border-box;\"><span style=\"font-size: 13.5pt; font-family: 'dm_sansregular',serif; color: #0a0a0a;\">D\u00e9couvrez toutes nos informations sur la page mentions l\u00e9gales.<\/span><\/p><h2 id=\"gdpr-2\" style=\"text-align: justify; background: white; box-sizing: border-box; margin: 0.5rem 0px;\"><strong><span style=\"font-size: 21.5pt; font-family: dm_sansregular, serif; color: #0a0a0a; text-transform: uppercase;\">UTILISATION DES DONN\u00c9ES PERSONNELLES COLLECT\u00c9ES<\/span><\/strong><\/h2><p style=\"text-align: justify; background: white; box-sizing: border-box;\"><span style=\"font-size: 13.5pt; font-family: 'dm_sansregular',serif; color: #0a0a0a;\">Nous collectons automatiquement et directement aucune donn\u00e9e vous concernant.<\/span><\/p><p style=\"text-align: justify; background: white; box-sizing: border-box;\"><span style=\"font-size: 13.5pt; font-family: 'dm_sansregular',serif; color: #0a0a0a;\">Nous ne pouvons collecter des informations, y compris des informations personnelles aupr\u00e8s de tiers (voir la section cookies).<\/span><\/p><h2 id=\"gdpr-3\" style=\"text-align: justify; background: white; box-sizing: border-box; margin: 0.5rem 0px;\"><strong><span style=\"font-size: 21.5pt; font-family: dm_sansregular, serif; color: #0a0a0a; text-transform: uppercase;\">FORMULAIRE DE CONTACT<\/span><\/strong><\/h2><p style=\"text-align: justify; background: white; box-sizing: border-box;\"><span style=\"font-size: 13.5pt; font-family: 'dm_sansregular',serif; color: #0a0a0a;\">Vous pouvez choisir de nous communiquer des informations lorsque vous remplissez un formulaire, ces derni\u00e8res nous seront transmises par e-mail et ne seront pas conserv\u00e9es ailleurs que sur notre service de messagerie, ces informations seront utilis\u00e9es dans le seul but de r\u00e9pondre \u00e0 votre demande. Si des informations sont susceptibles d\u2019\u00eatre utilis\u00e9es \u00e0 des fins commerciales une mention l\u2019indiquera en fin de formulaire. Nous demanderons toujours votre consentement lors qu\u2019une collecte d\u2019information via un formulaire.<\/span><\/p><h2 id=\"gdpr-6\" style=\"text-align: justify; background: white; box-sizing: border-box; margin: 0.5rem 0px;\"><strong><span style=\"font-size: 21.5pt; font-family: dm_sansregular, serif; color: #0a0a0a; text-transform: uppercase;\">UTILISATION DES COOKIES<\/span><\/strong><\/h2><p style=\"background: white; box-sizing: border-box;\"><span style=\"font-size: 13.5pt; font-family: 'dm_sansregular',serif; color: #0a0a0a;\">Un cookie est un petit fichier de donn\u00e9es qui est transf\u00e9r\u00e9 et stock\u00e9 sur votre appareil. Concr\u00e8tement un cookie nous permet par exemple de reconna\u00eetre votre navigateur, votre langue ou bien de conserver vos pr\u00e9f\u00e9rences.<\/span><\/p><p style=\"text-align: justify; background: white; box-sizing: border-box;\"><strong><span style=\"font-size: 13.5pt; font-family: 'dm_sansregular',serif; color: #0a0a0a;\">Les cookies tiers<\/span><\/strong><\/p><p style=\"text-align: justify; background: white;\"><span style=\"font-size: 13.5pt; font-family: 'dm_sansregular',serif; color: #0a0a0a;\">Les articles de ce site peuvent inclure des contenus int\u00e9gr\u00e9s (par exemple des vid\u00e9os, images, articles\u2026). Le contenu int\u00e9gr\u00e9 depuis d\u2019autres sites se comporte de la m\u00eame mani\u00e8re que si le visiteur se rendait sur cet autre site.<\/span><\/p><p style=\"text-align: justify; background: white; box-sizing: border-box;\"><span style=\"font-size: 13.5pt; font-family: 'dm_sansregular',serif; color: #0a0a0a;\">Ces sites web pourraient collecter des donn\u00e9es sur vous, utiliser des cookies, embarquer des outils de suivis tiers, suivre vos interactions avec ces contenus embarqu\u00e9s si vous disposez d\u2019un compte connect\u00e9 sur leur site web.<\/span><\/p><h2 style=\"text-align: justify; background: white;\"><strong><span style=\"font-size: 21.5pt; font-family: dm_sansregular, serif; color: #0a0a0a; text-transform: uppercase;\">COMMENT NOUS PROT\u00c9GEONS VOS DONN\u00c9ES<\/span><\/strong><\/h2><p style=\"text-align: justify; background: white; box-sizing: border-box;\"><span style=\"font-size: 13.5pt; font-family: 'dm_sansregular',serif; color: #0a0a0a;\">Nous mettons en place et actualisons en permanence la\u00a0<strong style=\"box-sizing: border-box;\"><span style=\"font-family: 'dm_sansregular',serif;\">s\u00e9curit\u00e9<\/span><\/strong>\u00a0du site pour prot\u00e9ger vos informations contre les acc\u00e8s, pertes, destructions ou alt\u00e9rations non autoris\u00e9s. Nous travaillons donc \u00e0 rendre vos donn\u00e9es le plus invuln\u00e9rables possible. Internet n\u2019\u00e9tant pas un environnement s\u00e9curis\u00e9 \u00e0 100% nous ne pouvons pas totalement garantir la s\u00e9curit\u00e9 la transmission ou le stockage de vos informations.<\/span><\/p><h2 id=\"gdpr-12\" style=\"text-align: justify; background: white; box-sizing: border-box; margin: 0.5rem 0px;\"><strong><span style=\"font-size: 21.5pt; font-family: dm_sansregular, serif; color: #0a0a0a; text-transform: uppercase;\">INFORMATIONS DE CONTACT<\/span><\/strong><\/h2><p style=\"text-align: justify; background: white; box-sizing: border-box;\"><span style=\"font-size: 13.5pt; font-family: 'dm_sansregular',serif; color: #0a0a0a;\">Pour toute demande ou question concernant vos donn\u00e9es personnelles, contactez-nous sur notre adresse mail, les autres informations de contact sont disponibles sur nos mentions l\u00e9gales.\u00a0Veuillez noter que nous pouvons vous demander de v\u00e9rifier votre identit\u00e9 avant de prendre d\u2019autres mesures concernant votre demande.<\/span><\/p>\t\t\t\t\t\t<\/div>\n\t\t\t\t<\/div>\n\t\t\t\t\t<\/div>\n\t\t<\/div>\n\t\t\t\t\t\t\t<\/div>\n\t\t<\/section>\n\t\t\t\t\t\t\t<\/div>\n\t\t","protected":false},"excerpt":{"rendered":"<p>Politique de confidentialit\u00e9 Cette politique de confidentialit\u00e9 d\u00e9crit les donn\u00e9es personnelles qui sont collect\u00e9es ou g\u00e9n\u00e9r\u00e9es (trait\u00e9es) lorsque vous utilisez le site internet. Cette politique de confidentialit\u00e9 d\u00e9crit les types de donn\u00e9es personnelles collect\u00e9es lorsque vous utilisez notre site et la fa\u00e7on dont vos donn\u00e9es personnelles sont utilis\u00e9es, partag\u00e9es et prot\u00e9g\u00e9es. Elle explique \u00e9galement les [&hellip;]<\/p>\n","protected":false},"author":1,"featured_media":0,"parent":0,"menu_order":0,"comment_status":"closed","ping_status":"closed","template":"","meta":{"footnotes":""},"class_list":["post-463","page","type-page","status-publish","hentry","entry"],"yoast_head":"<!-- This site is optimized with the Yoast SEO plugin v20.13 - https:\/\/yoast.com\/wordpress\/plugins\/seo\/ -->\n<title>Politique de confidentialit\u00e9 - Le petit bois<\/title>\n<meta name=\"robots\" content=\"index, follow, max-snippet:-1, max-image-preview:large, max-video-preview:-1\" \/>\n<link rel=\"canonical\" href=\"https:\/\/campinglepetitboiscantal.fr\/index.php\/politique-de-confidentialite\/\" \/>\n<meta property=\"og:locale\" content=\"fr_FR\" \/>\n<meta property=\"og:type\" content=\"article\" \/>\n<meta property=\"og:title\" content=\"Politique de confidentialit\u00e9 - Le petit bois\" \/>\n<meta property=\"og:description\" content=\"Politique de confidentialit\u00e9 Cette politique de confidentialit\u00e9 d\u00e9crit les donn\u00e9es personnelles qui sont collect\u00e9es ou g\u00e9n\u00e9r\u00e9es (trait\u00e9es) lorsque vous utilisez le site internet. Cette politique de confidentialit\u00e9 d\u00e9crit les types de donn\u00e9es personnelles collect\u00e9es lorsque vous utilisez notre site et la fa\u00e7on dont vos donn\u00e9es personnelles sont utilis\u00e9es, partag\u00e9es et prot\u00e9g\u00e9es. Elle explique \u00e9galement les [&hellip;]\" \/>\n<meta property=\"og:url\" content=\"https:\/\/campinglepetitboiscantal.fr\/index.php\/politique-de-confidentialite\/\" \/>\n<meta property=\"og:site_name\" content=\"Le petit bois\" \/>\n<meta property=\"article:modified_time\" content=\"2023-05-09T20:03:27+00:00\" \/>\n<meta name=\"twitter:card\" content=\"summary_large_image\" \/>\n<meta name=\"twitter:label1\" content=\"Dur\u00e9e de lecture estim\u00e9e\" \/>\n\t<meta name=\"twitter:data1\" content=\"3 minutes\" \/>\n<script type=\"application\/ld+json\" class=\"yoast-schema-graph\">{\"@context\":\"https:\/\/schema.org\",\"@graph\":[{\"@type\":\"WebPage\",\"@id\":\"https:\/\/campinglepetitboiscantal.fr\/index.php\/politique-de-confidentialite\/\",\"url\":\"https:\/\/campinglepetitboiscantal.fr\/index.php\/politique-de-confidentialite\/\",\"name\":\"Politique de confidentialit\u00e9 - Le petit bois\",\"isPartOf\":{\"@id\":\"https:\/\/campinglepetitboiscantal.fr\/#website\"},\"datePublished\":\"2023-05-09T19:55:00+00:00\",\"dateModified\":\"2023-05-09T20:03:27+00:00\",\"breadcrumb\":{\"@id\":\"https:\/\/campinglepetitboiscantal.fr\/index.php\/politique-de-confidentialite\/#breadcrumb\"},\"inLanguage\":\"fr-FR\",\"potentialAction\":[{\"@type\":\"ReadAction\",\"target\":[\"https:\/\/campinglepetitboiscantal.fr\/index.php\/politique-de-confidentialite\/\"]}]},{\"@type\":\"BreadcrumbList\",\"@id\":\"https:\/\/campinglepetitboiscantal.fr\/index.php\/politique-de-confidentialite\/#breadcrumb\",\"itemListElement\":[{\"@type\":\"ListItem\",\"position\":1,\"name\":\"Accueil\",\"item\":\"https:\/\/campinglepetitboiscantal.fr\/\"},{\"@type\":\"ListItem\",\"position\":2,\"name\":\"Politique de confidentialit\u00e9\"}]},{\"@type\":\"WebSite\",\"@id\":\"https:\/\/campinglepetitboiscantal.fr\/#website\",\"url\":\"https:\/\/campinglepetitboiscantal.fr\/\",\"name\":\"Le petit bois\",\"description\":\"Un site utilisant WordPress\",\"publisher\":{\"@id\":\"https:\/\/campinglepetitboiscantal.fr\/#organization\"},\"potentialAction\":[{\"@type\":\"SearchAction\",\"target\":{\"@type\":\"EntryPoint\",\"urlTemplate\":\"https:\/\/campinglepetitboiscantal.fr\/?s={search_term_string}\"},\"query-input\":\"required name=search_term_string\"}],\"inLanguage\":\"fr-FR\"},{\"@type\":\"Organization\",\"@id\":\"https:\/\/campinglepetitboiscantal.fr\/#organization\",\"name\":\"Le petit bois\",\"url\":\"https:\/\/campinglepetitboiscantal.fr\/\",\"logo\":{\"@type\":\"ImageObject\",\"inLanguage\":\"fr-FR\",\"@id\":\"https:\/\/campinglepetitboiscantal.fr\/#\/schema\/logo\/image\/\",\"url\":\"https:\/\/campinglepetitboiscantal.fr\/wp-content\/uploads\/2023\/04\/cropped-logoruynes.png\",\"contentUrl\":\"https:\/\/campinglepetitboiscantal.fr\/wp-content\/uploads\/2023\/04\/cropped-logoruynes.png\",\"width\":675,\"height\":330,\"caption\":\"Le petit bois\"},\"image\":{\"@id\":\"https:\/\/campinglepetitboiscantal.fr\/#\/schema\/logo\/image\/\"}}]}<\/script>\n<!-- \/ Yoast SEO plugin. -->","yoast_head_json":{"title":"Politique de confidentialit\u00e9 - Le petit bois","robots":{"index":"index","follow":"follow","max-snippet":"max-snippet:-1","max-image-preview":"max-image-preview:large","max-video-preview":"max-video-preview:-1"},"canonical":"https:\/\/campinglepetitboiscantal.fr\/index.php\/politique-de-confidentialite\/","og_locale":"fr_FR","og_type":"article","og_title":"Politique de confidentialit\u00e9 - Le petit bois","og_description":"Politique de confidentialit\u00e9 Cette politique de confidentialit\u00e9 d\u00e9crit les donn\u00e9es personnelles qui sont collect\u00e9es ou g\u00e9n\u00e9r\u00e9es (trait\u00e9es) lorsque vous utilisez le site internet. Cette politique de confidentialit\u00e9 d\u00e9crit les types de donn\u00e9es personnelles collect\u00e9es lorsque vous utilisez notre site et la fa\u00e7on dont vos donn\u00e9es personnelles sont utilis\u00e9es, partag\u00e9es et prot\u00e9g\u00e9es. Elle explique \u00e9galement les [&hellip;]","og_url":"https:\/\/campinglepetitboiscantal.fr\/index.php\/politique-de-confidentialite\/","og_site_name":"Le petit bois","article_modified_time":"2023-05-09T20:03:27+00:00","twitter_card":"summary_large_image","twitter_misc":{"Dur\u00e9e de lecture estim\u00e9e":"3 minutes"},"schema":{"@context":"https:\/\/schema.org","@graph":[{"@type":"WebPage","@id":"https:\/\/campinglepetitboiscantal.fr\/index.php\/politique-de-confidentialite\/","url":"https:\/\/campinglepetitboiscantal.fr\/index.php\/politique-de-confidentialite\/","name":"Politique de confidentialit\u00e9 - Le petit bois","isPartOf":{"@id":"https:\/\/campinglepetitboiscantal.fr\/#website"},"datePublished":"2023-05-09T19:55:00+00:00","dateModified":"2023-05-09T20:03:27+00:00","breadcrumb":{"@id":"https:\/\/campinglepetitboiscantal.fr\/index.php\/politique-de-confidentialite\/#breadcrumb"},"inLanguage":"fr-FR","potentialAction":[{"@type":"ReadAction","target":["https:\/\/campinglepetitboiscantal.fr\/index.php\/politique-de-confidentialite\/"]}]},{"@type":"BreadcrumbList","@id":"https:\/\/campinglepetitboiscantal.fr\/index.php\/politique-de-confidentialite\/#breadcrumb","itemListElement":[{"@type":"ListItem","position":1,"name":"Accueil","item":"https:\/\/campinglepetitboiscantal.fr\/"},{"@type":"ListItem","position":2,"name":"Politique de confidentialit\u00e9"}]},{"@type":"WebSite","@id":"https:\/\/campinglepetitboiscantal.fr\/#website","url":"https:\/\/campinglepetitboiscantal.fr\/","name":"Le petit bois","description":"Un site utilisant WordPress","publisher":{"@id":"https:\/\/campinglepetitboiscantal.fr\/#organization"},"potentialAction":[{"@type":"SearchAction","target":{"@type":"EntryPoint","urlTemplate":"https:\/\/campinglepetitboiscantal.fr\/?s={search_term_string}"},"query-input":"required name=search_term_string"}],"inLanguage":"fr-FR"},{"@type":"Organization","@id":"https:\/\/campinglepetitboiscantal.fr\/#organization","name":"Le petit bois","url":"https:\/\/campinglepetitboiscantal.fr\/","logo":{"@type":"ImageObject","inLanguage":"fr-FR","@id":"https:\/\/campinglepetitboiscantal.fr\/#\/schema\/logo\/image\/","url":"https:\/\/campinglepetitboiscantal.fr\/wp-content\/uploads\/2023\/04\/cropped-logoruynes.png","contentUrl":"https:\/\/campinglepetitboiscantal.fr\/wp-content\/uploads\/2023\/04\/cropped-logoruynes.png","width":675,"height":330,"caption":"Le petit bois"},"image":{"@id":"https:\/\/campinglepetitboiscantal.fr\/#\/schema\/logo\/image\/"}}]}},"_links":{"self":[{"href":"https:\/\/campinglepetitboiscantal.fr\/index.php\/wp-json\/wp\/v2\/pages\/463","targetHints":{"allow":["GET"]}}],"collection":[{"href":"https:\/\/campinglepetitboiscantal.fr\/index.php\/wp-json\/wp\/v2\/pages"}],"about":[{"href":"https:\/\/campinglepetitboiscantal.fr\/index.php\/wp-json\/wp\/v2\/types\/page"}],"author":[{"embeddable":true,"href":"https:\/\/campinglepetitboiscantal.fr\/index.php\/wp-json\/wp\/v2\/users\/1"}],"replies":[{"embeddable":true,"href":"https:\/\/campinglepetitboiscantal.fr\/index.php\/wp-json\/wp\/v2\/comments?post=463"}],"version-history":[{"count":13,"href":"https:\/\/campinglepetitboiscantal.fr\/index.php\/wp-json\/wp\/v2\/pages\/463\/revisions"}],"predecessor-version":[{"id":476,"href":"https:\/\/campinglepetitboiscantal.fr\/index.php\/wp-json\/wp\/v2\/pages\/463\/revisions\/476"}],"wp:attachment":[{"href":"https:\/\/campinglepetitboiscantal.fr\/index.php\/wp-json\/wp\/v2\/media?parent=463"}],"curies":[{"name":"wp","href":"https:\/\/api.w.org\/{rel}","templated":true}]}}